2686. What is w(1)?
10
Let v(z) = 7*z**2 - 560*z - 3608. What is v(86)?
4
Let z(m) = -m**3 - 42*m**2 + 826*m + 23708. Calculate z(-49).
41
Let w(m) = -2*m**2 + 904171*m + 11754565. Calculate w(-13).
4
Let t(g) = 5*g**2 + 595*g + 2881. Give t(-114).
31
Let l(j) = 9771*j - 1651293. What is l(169)?
6
Let k(w) = w**3 + 14*w**2 + 1579*w - 10195. Calculate k(6).
-1
Let b(w) = -w**3 + 28*w**2 - 218*w + 319. Calculate b(11).
-22
Let c(z) = -2*z**3 + 325*z**2 - 162*z - 2059. Give c(162).
-2059
Let c(o) = 3126*o + 30795. Calculate c(-10).
-465
Let p(x) = -704*x**2 + 23923*x + 21. What is p(34)?
-421
Let g(h) = -6*h**3 + 321*h**2 - 149*h - 474. Determine g(53).
56
Let m(t) = -20*t**2 + 2971*t - 17699. Determine m(6).
-593
Let r(g) = -97*g + 27203. What is r(285)?
-442
Let k(m) = -42308*m**2 - 465390*m - 19. What is k(-11)?
3
Let d(c) = c**2 + 147903*c - 16. What is d(0)?
-16
Let c(d) = -7648*d + 206474. Calculate c(27).
-22
Let y(s) = -s**2 - 1240*s - 35109. Calculate y(-29).
10
Let m(y) = 168864*y - 675451. Give m(4).
5
Let l(z) = 70127*z + 70136. Calculate l(-1).
9
Let m(y) = 135*y - 5981. What is m(47)?
364
Let m(r) = r**3 + 304*r**2 - 1531*r - 9. Calculate m(5).
61
Let g(f) = 3*f**2 + 424*f + 1724. Determine g(-138).
344
Let i(s) = -s**3 - 4*s**2 + 200*s - 90. Determine i(12).
6
Let o(l) = 517*l**2 + 5170*l + 52. Determine o(-10).
52
Let o(d) = 104*d + 7694. Calculate o(-70).
414
Let a(s) = s**3 - 117*s**2 - 349*s - 1200. Determine a(120).
120
Let x(s) = s**3 - 2*s**2 + 7*s + 140. Give x(-4).
16
Let i(y) = 635*y + 19673. Determine i(-27).
2528
Let c(n) = -55507*n - 9658231. Give c(-174).
-13
Let v(p) = p**3 + 23*p**2 - 78*p - 112. Give v(-26).
-112
Let a(b) = 98*b**3 + 4902*b**2 + 147*b + 2364. Determine a(-50).
14
Let r(p) = 2*p**3 - 66*p**2 - 60*p - 56. What is r(34)?
216
Let h(s) = 125*s + 8025. Determine h(-64).
25
Let w(l) = 38312*l + 574660. Give w(-15).
-20
Let y(i) = -122*i + 21703. What is y(178)?
-13
Let v(o) = -o**3 - 67*o**2 - 564*o + 261. Determine v(-57).
-81
Let a(h) = h**3 + 33*h**2 - 476*h + 291. What is a(10)?
-169
Let w(g) = -g**2 - 8277*g - 890226. Calculate w(-109).
86
Let r(t) = t**3 + 20*t**2 - 2028*t + 5871. Calculate r(3).
-6
Let z(u) = 390473*u - 1171388. Determine z(3).
31
Let i(y) = -591198*y + 3547195. Determine i(6).
7
Let q(u) = u**3 - 25*u**2 + 7779*u + 31570. Determine q(-4).
-10
Let g(p) = 48*p**2 + 1634*p + 1604. What is g(-33)?
-46
Let r(f) = -f**3 - 6*f**2 + 55*f - 701. Calculate r(0).
-701
Let a(h) = 10*h**3 - 303*h**2 + 121*h - 888. Determine a(30).
42
Let s(t) = -4*t**2 - 700*t - 7129. What is s(-164)?
87
Let j(b) = b**2 + 16583*b + 49747. What is j(-3)?
7
Let p(l) = 4*l**2 - 536*l + 4710. Give p(9).
210
Let a(y) = -y**3 + 304*y**2 - 1661*y - 37843. What is a(298)?
3
Let d(r) = -1874*r - 230007. Calculate d(-122).
-1379
Let p(b) = b**3 + 87*b**2 + 497*b + 68996. What is p(-90)?
-34
Let y(n) = -20*n - 1301. What is y(-61)?
-81
Let p(m) = 2450*m - 116796. Give p(48).
804
Let u(v) = -25969*v + 77916. Calculate u(3).
9
Let r(y) = 60*y**2 + 315*y - 2. Calculate r(-3).
-407
Let y(c) = c**3 - 153*c**2 + 611*c - 2133. Calculate y(149).
102
Let k(z) = 6*z**3 - 494*z**2 - 587*z + 21130. Calculate k(83).
-35
Let w(m) = -201*m**2 + 94*m + 302. Give w(-3).
-1789
Let n(t) = 68*t + 636. Give n(-12).
-180
Let t(j) = j**3 + 19*j**2 + 727*j + 12172. Calculate t(-18).
-590
Let d(x) = -14*x**2 - 1923*x - 4482. Calculate d(-135).
-27
Let s(k) = -2*k**2 + 320*k + 983. Calculate s(-3).
5
Let k(n) = 2*n**3 + 2*n**2 - 128*n - 417. Determine k(-6).
-9
Let k(y) = -2*y**2 - 944*y - 19803. Determine k(-22).
-3
Let y(u) = u**2 - 3342*u + 26585. Determine y(8).
-87
Let r(s) = 3*s**3 + 233*s**2 - 1861*s + 770. Give r(-85).
5
Let t(n) = -1178*n + 74309. What is t(63)?
95
Let k(s) = 117*s**2 - 4013*s + 19858. Determine k(6).
-8
Let n(y) = -5336*y + 53605. Determine n(10).
245
Let n(j) = 1196*j - 253597. What is n(212)?
-45
Let w(u) = -19878*u + 238555. Determine w(12).
19
Let o(f) = 14*f**2 + 394*f + 461. Determine o(-27).
29
Let k(j) = -1285*j**2 + 16701*j + 41. Give k(13).
-11
Let w(u) = -u**2 + 2020*u - 130998. Determine w(66).
-2034
Let q(i) = i**2 + 329*i + 2863. Calculate q(-9).
-17
Let b(t) = -184*t + 14546. Calculate b(79).
10
Let h(o) = -o**3 + 44*o**2 - 515*o + 977. Calculate h(25).
-23
Let v(x) = 13*x**3 + 299*x**2 - 16*x - 88. Calculate v(-23).
280
Let v(m) = -m**3 - 139*m**2 - 552*m - 1583. Give v(-135).
37
Let v(l) = 16*l**3 + 5*l**2 + 47*l + 84. Determine v(-2).
-118
Let v(j) = -8*j - 2551. What is v(-71)?
-1983
Let s(o) = o**3 + 605*o**2 + 12261*o - 1763. Give s(-584).
-11
Let s(o) = -6990*o - 20999. Determine s(-3).
-29
Let z(n) = -n**3 - 142*n**2 - 1575*n - 223658. Give z(-142).
-8
Let p(j) = 14493*j + 289865. Give p(-20).
5
Let q(d) = 2*d**3 + 740*d**2 + 4399*d + 11202. Calculate q(-364).
-82
Let w(n) = -1819*n - 25636. Give w(-14).
-170
Let o(y) = -14*y**3 - 5*y**2 - 7*y + 18. Calculate o(3).
-426
Let u(k) = k**2 + 20*k - 390. What is u(-10)?
-490
Let m(p) = p**3 - 7*p**2 + 35*p + 41. What is m(-1)?
-2
Let r(j) = -1464*j**2 + 5968*j - 6. What is r(4)?
442
Let u(i) = -2*i**3 - 194*i**2 - 1493. What is u(-97)?
-1493
Let w(g) = 400*g + 4111. Calculate w(-10).
111
Let r(k) = -8*k**2 - 751*k + 1539. Determine r(2).
5
Let o(i) = 3268*i - 1941072. Determine o(594).
120
Let i(d) = -d**3 + 27*d**2 - 89*d - 271. Calculate i(24).
-679
Let u(w) = w**2 - 117*w + 3326. Determine u(62).
-84
Let n(k) = -k**2 - 20801*k - 477911. What is n(-23)?
-17
Let i(x) = -x**3 - 104*x**2 + 873*x + 127319. Calculate i(-100).
19
Let r(w) = -w**2 - 427*w - 43067. Determine r(-264).
-35
Let k(r) = 29*r**2 + 1060*r + 3352. Calculate k(-33).
-47
Let f(d) = -d**3 + 90*d**2 - 2064*d + 2191. What is f(41)?
-64
Let k(b) = 30*b**3 - 509*b**2 - 103*b + 1473. Determine k(17).
11
Let m(i) = -i**3 - 33*i**2 + 559*i + 14039. Give m(-38).
17
Let z(b) = b**3 + 12*b**2 - 379*b + 223. Give z(14).
13
Let m(a) = -102*a - 2918. Calculate m(-28).
-62
Let u(y) = -2770*y + 11162. Calculate u(4).
82
Let c(s) = s**2 - 4534*s - 109394. Calculate c(-24).
-2
Let x(z) = -35*z**2 - 254*z - 94. Calculate x(-7).
-31
Let j(a) = -5*a**2 + 1177*a - 24808. Give j(212).
-4
Let m(u) = -1825*u + 15095. Determine m(9).
-1330
Let j(p) = -p**3 + 166*p**2 - 470*p + 23281. Calculate j(164).
-7
Let j(x) = -60*x**2 - 541*x + 11. Give j(-9).
20
Let p(r) = 4*r**2 + 867*r + 16275. Determine p(-196).
7
Let f(b) = b**2 - 1875*b - 209943. Calculate f(-106).
43
Let g(u) = -217*u + 23799. Determine g(115).
-1156
Let g(z) = z**3 + 124*z**2 + 2673*z - 565. Give g(-96).
875
Let v(g) = g**2 - 188*g + 10024. Calculate v(97).
1197
Let j(i) = i**3 - 399*i**2 - 369164*i - 1754. What is j(-440)?
6
Let s(x) = -x**2 + 505*x - 59011. Give s(184).
53
Let v(o) = o**2 - 561*o + 43112. Determine v(92).
-36
Let w(z) = -2*z**2 + 169*z - 2267. Calculate w(69).
-128
Let c(m) = -2*m**3 + 288*m**2 - 10363*m - 227. Determine c(73).
-8
Let j(h) = h**3 + 71*h**2 + 7*h + 274. Give j(-71).
-223
Let i(x) = x**3 - 7*x**2 - 187*x + 115. Calculate i(-11).
-6
Let a(c) = -45*c**2 - 327*c + 67. Calculate a(-9).
-635
Let v(c) = 27519*c - 192106. Give v(7).
527
Let x(h) = -h**3 + 80*h**2 - 1313*h + 63. Determine x(23).
17
Let k(a) = a**2 + 147*a + 7806. Determine k(-45).
3216
Let r(t) = -2*t**3 + 154*t + 489. Determine r(-4).
1
Let m(g) = 17447*g - 52844. What is m(3)?
-503
Let o(m) = 2*m**3 + 66*m**2 - 278*m - 10. What is o(-37)?
-676
Let t(w) = 961*w - 19847. Determine t(20).
-627
Let x(b) = b**3 - 21*b**2 + b + 850. What is x(12)?
-434
Let g(j) = -j**2 - 165*j + 3241. Calculate g(17).
147
Let k(c) = 492*c - 58758. Give k(120).
282
Let u(y) = y**2 + 69*y - 18030. Calculate u(-184).
3130
Let s(m) = 2*m**3 + 595*m**2 - 6545*m + 3949. Determine s(10).
-1
Let b(g) = -1263*g + 306911. What is b(243)?
2
Let v(l) = 6*l**3 - 2624*l**2 - 1994*l + 106004. Determine v(438).
8
Let l(p) = -p**3 - 464*p**2 - 22498*p - 1225. Give l(-409).
2
Let u(r) = -r**3 - 22*r**2 + 269*r + 87. What is u(10)?
-423
Let b(c) = -c**3 + 3*c**2 + 1054*c + 1269. What is b(0)?
1269
Let x(h) = -985*h - 388052. Determine x(-394).
38
Let r(y) = -y**3 - 103*y**2 - 1245*y - 929. Determine r(-13).
46
Let s(h) = -86208*h**2 + 862079*h - 9. Calculate s(10).
-19
Let v(h) = -h**3 + 